and i.
37
Let p be ((-16)/6)/((-1489)/62538). Let b be (-1788)/(-14) - (-4)/14. What is the greatest common divisor of b and p?
16
Suppose -5*q = q - 30. Let h be 60 + (-1 - -2) + (q - 2). Suppose 0 = 4*x - h. What is the highest common divisor of 2 and x?
2
Let r(i) = 14*i + 305. Let x(z) = -7*z - 151. Let v(f) = 3*r(f) + 5*x(f). Let s be v(-22). Let a = 189 - 129. What is the greatest common factor of s and a?
6
Let k(t) = -105*t + 858. Let g be k(-6). Calculate the highest common divisor of g and 48.
48
Let h be (13/312*16)/(1/48). What is the highest common factor of 496 and h?
16
Let k(g) = 50*g - 112. Let f be k(26). Let y be f/(-6)*(-1 + 3/6). What is the highest common factor of y and 55?
11
Let u(f) = f**3 - 27*f**2 - 71*f + 378. Let z be u(29). What is the highest common factor of z and 460?
1
Suppose 4*o - 27 - 181 = 4*t, 0 = t + 4. Suppose -28*q = -25*q - o. Suppose -5*p + 240 = -0*p. What is the greatest common factor of q and p?
16
Let u be (-111 - 44)*((-518)/10 + 4). What is the highest common factor of u and 93?
31
Let k = -907 - -911. Suppose 0 = -2*h + k*x + 237 + 1439, 3*x - 3407 = -4*h. Calculate the greatest common factor of h and 8.
8
Let j(y) be the second derivative of 16*y + 4*y**2 + 13/6*y**3 + 0. Let k be j(4). What is the highest common factor of 20 and k?
20
Suppose 17*s - l = 2239, s = 3*s - 2*l - 254. What is the highest common divisor of s and 5676?
132
Let v(h) = -12*h + 80. Let a be v(14). Let z be (a/20 + 4)*-20. Let p be (-2)/(2/(-10) - (-140)/1200). Calculate the greatest common divisor of z and p.
8
Suppose -3*h + 29061 = 8*n - 5*n, n - 9696 = -4*h. Calculate the greatest common factor of 36 and n.
36
Let b(q) = -20*q**2 - 421*q + 14. Let o be b(-21). What is the highest common factor of 1750 and o?
35
Let d(g) = -g**2 + 58*g - 347. Let k be d(7). What is the greatest common factor of k and 408?
2
Let j be (32/160 - 41907/35)/((-14)/343). What is the highest common factor of 70 and j?
70
Let r = 276 - 178. Let y be 81/81 + (-4)/((-8)/110). What is the highest common divisor of y and r?
14
Suppose 60 = 9*j + 6*j. Suppose -8 = j*w - 5*u + 8*u, 12 = -3*u. Calculate the highest common divisor of w and 43.
1
Let x = 19 - 20. Let t be 1/(x - -2) + -3. Let b be (-4 + (-68)/8)*t. Calculate the highest common divisor of 275 and b.
25
Let o be (8 + -6)*(-422)/24*-6. Calculate the greatest common factor of o and 38191.
211
Suppose 0 = -o + 27*o - 3822. Suppose -2*u + 5*u = 63. Suppose -u = -2*c + c. What is the greatest common factor of c and o?
21
Let u = 1243 + -1177. What is the greatest common divisor of u and 198?
66
Let l be 18/42 - (268352/49)/(-8). What is the highest common divisor of l and 40?
5
Suppose 75*y - 15470 = -81*y + 26*y. Calculate the greatest common divisor of y and 272.
17
Let v = -9563 - -14666. Calculate the greatest common divisor of 63 and v.
63
Let w(c) = 15*c**3 - 4*c + 3. Let k be w(2). Suppose -86 = -6*d - 74. Suppose -d*a = 8*a - 230. What is the highest common factor of a and k?
23
Let a be 7382/13 + (-152)/(-988). What is the greatest common factor of a and 8?
8
Let w(l) = 20*l + 82. Let f(n) = -62*n - 246. Let m(r) = -5*f(r) - 16*w(r). Let h be m(-9). Calculate the highest common factor of 28 and h.
4
Let m be ((-2102)/(-5255))/(((-4)/90)/(-2)). What is the highest common divisor of m and 2151?
9
Let q be (21/2)/((-6)/(-16)). Let z = 131345 + -131261. Calculate the greatest common factor of q and z.
28
Suppose 3*i + 5*w - 32 - 37 = 0, 0 = -3*w - 9. What is the highest common factor of 2093 and i?
7
Suppose 9*x + 8 = 11*x. Suppose -x*o - 32 = -4*g, 0 = 2*g - 29*o + 28*o - 11. Calculate the highest common factor of 48 and g.
3
Let x = 2345 + -2340. Suppose -4*y + 0*y + 12 = 0. Suppose 0 = -2*r + y*q + 24, -r - 4*q - q = -25. Calculate the greatest common divisor of r and x.
5
Suppose 194*f + 644 = 388*f - 190*f. Calculate the greatest common divisor of f and 713.
23
Let d = -10549 - -30293. What is the greatest common divisor of d and 32?
32
Let a(h) = -18*h - 60. Let w = -79 + 74. Let t be a(w). What is the greatest common divisor of 12 and t?
6
Let v be (((-45)/(-60))/(40/(-64)))/((-4)/730). Calculate the greatest common factor of v and 1825.
73
Let i(s) = 8*s + 226. Let y be i(-24). Suppose 39*b - 110 = -4*h + y*b, 0 = 4*h + 2*b - 104. What is the greatest common divisor of 5 and h?
5
Let v(q) = -q**3 - 4*q**2 - 6*q - 7. Let w be v(-3). Suppose w*u + 93 = -3*r + 602, 2*u - 516 = 4*r. Calculate the greatest common divisor of u and 16.
16
Let g = -351 + 356. Suppose p + 18 = -v + 56, 182 = g*p + v. What is the highest common divisor of 228 and p?
12
Suppose 3696 = 1558*r - 1555*r. Calculate the highest common factor of 110 and r.
22
Let z be ((-868)/35)/(1/(-5)). Suppose -26 = -c + z. Let a be 3 + 1/(-1) - -58. What is the greatest common factor of a and c?
30
Let r be 18/(-45) + 117/5. Suppose -10*u - 3*i + 406 = -9*u, 4*u + 3*i - 1579 = 0. What is the highest common factor of r and u?
23
Suppose 0 = 4*g + 16, 104 = -8*k + 9*k + g. Calculate the highest common divisor of 675 and k.
27
Suppose 707*u = 660*u + 235. What is the greatest common divisor of 41 and u?
1
Suppose 2*i - 5 = c, 0 = 5*i - 4*c + 5 - 13. Let k = -28490 - -28582. What is the greatest common divisor of i and k?
4
Let d = -48 - -52. Let i(v) = 21*v**2 + v. Let s be i(d). Suppose -4*t + s - 60 = 0. Calculate the highest common factor of 28 and t.
14
Let u be (15/(-10))/((-24)/32). Suppose -g - u = 0, -127 = -3*r + 5*g + 198. Calculate the highest common factor of 84 and r.
21
Suppose -2514 = -z + 5*h, z - h = -674 + 3172. Calculate the greatest common divisor of 116 and z.
58
Suppose -2*n + 2480 = 2*m, 2*m - 3*m + 1245 = 2*n. Calculate the highest common factor of 130 and m.
65
Let f(d) = d**2 - 8*d + 6. Let z = 26 - 18. Let b be f(z). Let g be (-90)/(-3)*16/b. What is the greatest common divisor of 10 and g?
10
Suppose -v + 39 = -5*y - 2, -2*y = -5*v + 136. Suppose 0 = v*a + 12*a - 1330. What is the greatest common factor of a and 21?
7
Let m = -7943 + 8679. What is the highest common factor of m and 24?
8
Suppose 10314 = 36*m + 1314. Let z(l) = 2*l**3 - 4*l**2 + 6*l + 20. Let s be z(5). Calculate the highest common factor of m and s.
50
Let b(m) = 27*m**2 + 8*m - 5. Let l(d) = 53*d**2 + 16*d - 8. Let g(t) = -11*b(t) + 6*l(t). Let a be g(-1). What is the greatest common factor of a and 360?
20
Let b(n) = -4*n**2 + 10*n**2 + 126 + 0*n**2 + 7*n - 7*n**2. Let s be b(15). What is the highest common divisor of 15 and s?
3
Let p be (-2)/2*(6 - 8). Suppose -5*j - 218 = -3*o, -3*o - p*o + 2*j + 376 = 0. Calculate the highest common divisor of o and 19.
19
Suppose 562*v - 594*v = -64896. What is the greatest common divisor of 962 and v?
26
Let m = 44 + -42. Suppose -2*i + 1667 = j, 5*i + m*j - 4148 = 6*j. Let n be (12/(-8))/((-12)/i). Calculate the greatest common factor of n and 8.
8
Let m = -2 + 6. Let z be m/(-6)*(-24)/8 - -1. Suppose 4*w = -o + 228, w + w - 114 = z*o. Calculate the highest common divisor of 76 and w.
19
Let i(g) = -116*g - 5980. Let b be i(-80). Calculate the highest common divisor of b and 66.
66
Suppose -2 = -0*y + 2*y, -346 = 4*l - 2*y. Let q be 1445/3 + -1 - l/261. Calculate the highest common factor of 37 and q.
37
Let b = 342 - 342. Suppose 15*m + b*m = 90. Calculate the greatest common factor of m and 21.
3
Suppose 33 = 25*o - 14*o. Suppose -5*n = i - 90, -4*n + 9*n + 4*i = 90. Suppose -6*z + 3*z + n = 0. What is the greatest common divisor of o and z?
3
Let q be (3/6)/((-5)/20). Let p be ((-114)/4)/(1/q). Let f(n) = -3*n**2 - 119*n + 217. Let j be f(-37). Calculate the greatest common divisor of p and j.
57
Let m be 16 - (0/10 + 2). Let z(k) = 8 - k**2 - 6 + 5*k - 2*k. Let d be z(3). What is the greatest common factor of d and m?
2
Suppose -11*c + 12*c + 2*r - 16172 = 0, -3*c + 2*r + 48556 = 0. Let o be c/14 + (-1)/(-7) - 4. What is the greatest common divisor of o and 36?
36
Let d be 5 + 274 + (7 - 6). Suppose -90 = -5*u + 5*w + d, 2*w = -u + 68. What is the greatest common divisor of u and 108?
36
Let d be -1*1/(-17) + 108067/901. Let p(o) = 8*o + 1. Let n be p(-2). Let b = 23 + n. Calculate the greatest common divisor of b and d.
8
Let w = 70 - 40. Suppose 2*v + w = 4*v. Suppose v*l - 8*